11, what is 20595 - -172?
20757
In base 3, what is -111110012112020201 + -1?
-111110012112020202
In base 7, what is -220 + 3344155?
3343635
In base 10, what is 106651 + -931?
105720
In base 10, what is 5316208 + 34?
5316242
In base 14, what is a6218 - 2?
a6216
In base 12, what is -1114918 - 1?
-1114919
In base 2, what is -1 - -101001001100001001?
101001001100001000
In base 4, what is -32333 + -2001121223?
-2001220222
In base 16, what is -a2a6 - -1e?
-a288
In base 10, what is -312 - 228210?
-228522
In base 8, what is -126 - 6350370?
-6350516
In base 4, what is 310133101 + -22?
310133013
In base 9, what is 4 - -30248813?
30248817
In base 2, what is -11010111011000000111001001 - -10?
-11010111011000000111000111
In base 13, what is -29920c6 + 14?
-29920b2
In base 9, what is -164847708 + 4?
-164847704
In base 16, what is 45fa + 25?
461f
In base 11, what is 81512 - 108?
81405
In base 7, what is 102 - -1326?
1431
In base 16, what is -2dbc + c1?
-2cfb
In base 4, what is -1302 + -13012122022?
-13012123330
In base 14, what is -c4aadc9b - -2?
-c4aadc99
In base 6, what is -30354 + -1225?
-32023
In base 12, what is 22629b - 4?
226297
In base 11, what is 0 - -53516a?
53516a
In base 15, what is 553 + -32e33?
-328d0
In base 10, what is -168594 - 44?
-168638
In base 14, what is 81 + -130dc?
-1305b
In base 2, what is -1011001010 + -10100100101111110000?
-10100100111010111010
In base 8, what is 41 - -12601730?
12601771
In base 13, what is 36 - 97995?
-9795c
In base 3, what is 12 + 111021202121200012?
111021202121200101
In base 14, what is -5167cd18 - 3?
-5167cd1b
In base 16, what is -6b4f5 - -39?
-6b4bc
In base 6, what is 42 - -545222251?
545222333
In base 16, what is -89 - -6f1aa?
6f121
In base 11, what is -30239 + -1620?
-31859
In base 3, what is -220121211 - -102120?
-220012021
In base 4, what is -3110102223 - 322?
-3110103211
In base 9, what is 2643 + -126060?
-123316
In base 15, what is -5 - -52e48b3?
52e48ad
In base 3, what is -12012 + -12020012121?
-12020101210
In base 7, what is -4433 - 2461500?
-2466233
In base 14, what is -30c8549 - 5?
-30c8550
In base 11, what is -15879 - 672?
-16440
In base 11, what is 354 - -17903?
18157
In base 12, what is -110 + -17356?
-17466
In base 9, what is 118261 - -6?
118267
In base 2, what is -111 - 1000011110111111?
-1000011111000110
In base 7, what is -10 + -110002154?
-110002164
In base 11, what is 13840574 + -2?
13840572
In base 16, what is -133168 - 8?
-133170
In base 4, what is 132 + 1031010213?
1031011011
In base 8, what is 217243 + -3721?
213322
In base 11, what is 3510 - 9a6?
2615
In base 3, what is 11022102 - -1022011111?
1110110220
In base 15, what is 2 + acb59b0?
acb59b2
In base 14, what is 2 + -59095a8?
-59095a6
In base 12, what is 3335 + -27a7?
74a
In base 12, what is 3664 + 670?
4114
In base 4, what is -13031222201 + 33?
-13031222102
In base 14, what is -2 + 64bdd2?
64bdd0
In base 8, what is 17576131 - 136?
17575773
In base 16, what is 21b - -246be?
248d9
In base 10, what is -30117109 - 4?
-30117113
In base 4, what is -13222 + 202001320?
201322032
In base 13, what is 4491c2 + 1?
4491c3
In base 11, what is -1490884 - 251?
-1491025
In base 3, what is -120022020220 + 2?
-120022020211
In base 15, what is -62 + b3965?
b3903
In base 16, what is -1360f + -1804?
-14e13
In base 12, what is 53399 + 5a?
53437
In base 16, what is -15e2750 - -4?
-15e274c
In base 16, what is -19 - -14d5f?
14d46
In base 2, what is -110010101011010011000100 + 10011?
-110010101011010010110001
In base 7, what is -21 - 240536544?
-240536565
In base 10, what is -39593986 + -2?
-39593988
In base 5, what is 32441 - -203332?
241323
In base 10, what is -9220 - 2470?
-11690
In base 5, what is 1104 - -414132421?
414134030
In base 16, what is 2b73 + -4269?
-16f6
In base 13, what is 7036 - -241?
7277
In base 16, what is -167 + -1c952?
-1cab9
In base 12, what is 0 - -9a26250b?
9a26250b
In base 13, what is 3792627 - 15?
3792612
In base 15, what is -5 + -15c0a8b?
-15c0a91
In base 15, what is 1 - -417025?
417026
In base 14, what is 5399 - aa2?
46d7
In base 16, what is -f5af03 - -5?
-f5aefe
In base 3, what is 10122 - -201000122121?
201000210020
In base 3, what is 201120202121 - 211?
201120201210
In base 14, what is -1427019 - 7?
-1427022
In base 5, what is 310422 - 231023?
24344
In base 16, what is -271e8 + 99?
-2714f
In base 10, what is -115270370 - 0?
-115270370
In base 6, what is 2425321 - -11354?
2441115
In base 6, what is -20 + -113214114?
-113214134
In base 4, what is -3330312102 - 102232?
-3331021000
In base 10, what is 1301709 - 96?
1301613
In base 13, what is 4b887 - 8?
4b87c
In base 12, what is 3a2458 + 1?
3a2459
In base 3, what is 10 + 120222220111122?
120222220111202
In base 2, what is -1001111111010010 - -110001101110?
-1001001101100100
In base 7, what is 3 + 3663243551?
3663243554
In base 4, what is -1 - -200033012123?
200033012122
In base 5, what is -11310 + -22330413?
-22342223
In base 2, what is -100101010110010010 - 1110011001?
-100101100100101011
In base 3, what is 1 - 11000202020210201?
-11000202020210200
In base 11, what is -132913 - 95?
-1329a8
In base 13, what is -3 + -107a702?
-107a705
In base 8, what is -13 + 505143004?
505142771
In base 14, what is 4 + -46d5199?
-46d5195
In base 2, what is 100000010000011111101111 - 10001?
100000010000011111011110
In base 5, what is 141230423 + 143?
141231121
In base 8, what is 1 - -76763065?
76763066
In base 7, what is 221460 + -16434?
202023
In base 10, what is 10 + -7818239?
-7818229
In base 13, what is -4226c - -19?
-42253
In base 3, what is 102120022 + 101111002?
211001101
In base 8, what is -235645 - 176?
-236043
In base 3, what is 111101202202221 - -101?
111101202210022
In base 10, what is -4 - -7424068?
7424064
In base 10, what is 21 + 27371?
27392
In base 4, what is -32211 + -3010?
-101221
In base 8, what is 43 + -5401703?
-5401640
In base 11, what is -290873 + -18?
-290890
In base 11, what is -1645a2 - 51?
-164643
In base 16, what is -2059 - 489?
-24e2
In base 13, what is 4221 + -2415?
1b09
In base 5, what is -1110104103 + 1112?
-1110102441
In base 14, what is -dbb + -a1370?
-a234b
In base 14, what is -1 + c0b160d?
c0b160c
In base 8, what is -4 - -21463127?
21463123
In base 4, what is -23111 + 231321110?
231231333
In base 12, what is -1005a - -1947?
-a313
In base 16, what is 4de1b5 + 7?
4de1bc
In base 16, what is bea + 957?
1541
In base 4, what is -21 - -121011112?
121011031
In base 12, what is -62 - 1803b3?
-180455
In base 15, what is -3bc6da + -4?
-3bc6de
In base 16, what is 306e - -1c7?
3235
In base 12, what is -b + 54051?
54042
In base 7, what is -26 - -14162466?
14162440
In base 3, what is 10120 - 11212202210?
-11212122020
In base 4, what is -1111201 + 12211?
-1032330
In base 5, what is -120 + -340242?
-340412
In base 9, what is 1 + -8176462?
-8176461
In base 8, what is 14 - 13467736?
-13467722
In base 9, what is 274874022 - -11?
274874033
In base 7, what is -3022 + -26112?
-32134
In base 10, what is 5 + -595583?
-595578
In base 7, what is -13 - -20033526?
20033513
In base 10, what is -8 + 47635?
47627
In base 4, what is 2313231 + 23123102?
32102333
In base 2, what is -100011001 - 1000111010011011?
-1000111110110100
In base 16, what is d1e7896 + 5?
d1e789b
In base 4, what is -12313212 - 21203?
-13001021
In base 5, what is -3332142124 + 3?
-3332142121
In base 3, what is -12221220020200220 + -10?
-12221220020201000
In base 14, what is -60b32c + -1?
-60b32d
In base 14, what is -26d5997 + -a?
-26d59a3
In base 6, what is -3031430015 + -3?
-3031430022
In base 11, what is 682 - -396a0?
3a272
In base 12, what is -1097 + 1a9b?
a04
In base 12, what is 3b7bb - 174?
3b647
In base 8, what is 415400 - 3?
415375
In base 2, what is -100110110 + -1110111110010000?
-1111000011000110
In base 6, what is -3105 + -1011540?
-1015045
In base 16, what is 469 - -355d1?
35a3a
In base 7, what is -14652 - -264654?
250002
In base 15, what is -37d2 + 617?
-31ba
In base 3, what is 121122012 - 122102001?
-202212
In base 10, what is -74278 + 1612?
-72666
In base 13, what is -a823 - 8376?
-15b99
In base 8, what is 642615 - -146?
642763
In base 6, what is 4 + 1031254013?
1031254021
In base 14, what is -4 + -74140a?
-741410
In base 16, what is 4 - 2881f26?
-2881f22
In base 13, what is 1114 - 1437?
-323
In base 5, w